eatest common factor of o and 11?
11
Let n = -2 - -9. Let q = 9 - n. What is the greatest common factor of q and 14?
2
Suppose -3*v + 2*v + c + 11 = 0, -14 = -v + 4*c. Calculate the highest common factor of 45 and v.
5
Suppose x = -1 + 9. Suppose 90 = x*v - 3*v. Let s = v + -9. Calculate the greatest common divisor of s and 1.
1
Suppose -3*p + 12 = 3*o, -p + 2*o + 0*o + 1 = 0. Suppose 2*c = 3*g, -p*c + 1 = -3*g - 2. What is the greatest common divisor of 16 and g?
2
Let c = -1 - -5. Suppose -440 = -0*b - c*b. What is the highest common divisor of b and 10?
10
Let g be (-2)/4 + 298/4. Let z = g + -29. What is the highest common factor of z and 15?
15
Let c = 61 - -101. Let f = -74 + c. Let l be -2 + 4 - (-6 - 3). What is the highest common factor of l and f?
11
Suppose -11 = -r - t, -r = -t - t - 26. What is the highest common factor of 144 and r?
16
Let f be (2/(-4))/(1 - 1350/1344). Calculate the highest common factor of 56 and f.
56
Let s(z) = -z**3 - 11*z**2 + 11*z - 7. Let v be s(-12). Let l = 44 + v. What is the greatest common factor of 7 and l?
7
Suppose 43 = p + 3*d + 15, p - 5*d = 4. Calculate the greatest common divisor of p and 19.
19
Let d be (-11 - -1)*17/(-2). Suppose 0 = 4*n - 9*n + d. Let t = 27 - 10. Calculate the highest common factor of t and n.
17
Suppose -4*b = -52 - 44. Let o be (-1)/1*2 + b. What is the highest common divisor of o and 55?
11
Let d(o) = 2 - 3 - 2 + 4 - 7*o. Let u be d(1). Let t(i) = -21*i. Let s be t(u). What is the greatest common factor of s and 14?
14
Let d be (-24)/(-4)*1/2. Let z be (-15)/(-2)*d*14. Suppose l - z = -4*l. What is the greatest common divisor of l and 7?
7
Let r(g) = -69*g. Let a be r(-2). Let f = -19 - -42. What is the highest common divisor of f and a?
23
Let l be (-2 - -1) + 0 + -47. Let g be 2/5 + l/(-5). Let d(q) = -2*q + 17. Let s be d(-4). What is the greatest common factor of s and g?
5
Let o(i) = -i**3 + 7*i**2 + 5*i - 6. Let v be o(6). Let g be 2/10*76 + 2/(-10). Calculate the greatest common divisor of v and g.
15
Suppose 3*l - 4*q - 168 = l, 3*l - 252 = -2*q. Suppose -l = -3*u - 30. What is the highest common divisor of u and 54?
18
Let g(f) = -f**3 - 4*f**2 + 8*f + 3. Let d be g(-6). Suppose 2*c = 9 + 9. Calculate the highest common factor of d and c.
9
Suppose 3*s - 3*w + 153 = 0, -w = 5*s + w + 283. Let z be s/(1/(3 - 5)). What is the greatest common divisor of 10 and z?
10
Suppose -4*z = -z - 84. What is the greatest common divisor of z and 14?
14
Suppose 2*z - 13 = 4*f + 339, 4*z + 106 = -f. Let r = f + 156. Let c(n) = -n + 17. Let v be c(11). What is the greatest common divisor of r and v?
6
Suppose 2*r = r. Suppose g = -r*g + 11. Calculate the greatest common factor of g and 121.
11
Let w be 85/(-5) + 0 + -3. Let k be 33/5 - (-12)/w. Suppose 0 = -3*o - 5*v + 81, 9 = -3*v + k*v. Calculate the greatest common factor of 55 and o.
11
Suppose -11 + 32 = k. What is the greatest common divisor of 63 and k?
21
Let t be (16/6)/(((-4)/(-48))/1). What is the highest common factor of 1 and t?
1
Suppose u = -3*u + 4. Let v = 6 - u. Calculate the greatest common factor of 15 and v.
5
Let g(q) = -q**3 + 2*q - 1. Let c = 2 - -1. Suppose 5*r = 5*n, 2*n + 15 = -0*r - c*r. Let v be g(r). Calculate the greatest common divisor of 10 and v.
10
Let l be (16/3)/(10/45). What is the highest common factor of 12 and l?
12
Let d = 31 - 54. Let i = d + 40. Suppose 0 = -3*n + 2*n + 34. What is the highest common divisor of n and i?
17
Suppose -5*y = -48 - 27. Calculate the highest common divisor of 15 and y.
15
Suppose 0 = -4*c - 99 + 267. Calculate the greatest common divisor of 14 and c.
14
Suppose -4*m = -4*h + 88, -h = -4*m - 0*m - 25. Suppose -2*s + 5*z = s - 48, 0 = -4*s + z + 81. What is the highest common factor of h and s?
21
Let y = 134 - 38. Calculate the highest common divisor of y and 32.
32
Suppose -4*o = 4*d - 32, 4*d - 13 - 15 = -5*o. Suppose -5*j = 4*f - 202, -3*j = -f - 2*j + 46. Calculate the highest common factor of d and f.
12
Let y = 12 - 9. Suppose y*k - k + 44 = 2*s, -3*k - 22 = -s. Let j(o) = 10*o**2 + o. Let i be j(1). Calculate the highest common divisor of s and i.
11
Suppose -r = -2*y + 238, -2*r = r - 6. Suppose 15 = 3*h + 2*h. Suppose 5*o - 56 = -h*l, -2*l - o = -4*o - 12. Calculate the greatest common factor of y and l.
12
Suppose -15*r = -13*r - 6. Suppose -2*n + 30 = -4*m, 0 = 3*n + r*m + m - 85. Calculate the greatest common factor of n and 23.
23
Let i be (11/22)/((-1)/(-10)). What is the greatest common divisor of i and 10?
5
Suppose -35 + 34 = -g. Calculate the greatest common factor of g and 25.
1
Suppose 0 = -4*p - 20 + 4. Let i be 3/(p/((-8)/(-3))). Let x be ((-7)/(-2))/(-1)*i. What is the greatest common divisor of x and 7?
7
Let v be (99/(-15) + 0)*-15. Calculate the highest common divisor of v and 66.
33
Let l = 0 - -20. Suppose -x + l = 4*x. Calculate the greatest common divisor of x and 10.
2
Suppose 0*j - 4*j + 12 = 0. Suppose 2*h = 1 - 3. Let m be -3 - h - -8 - 3. Calculate the greatest common factor of j and m.
3
Let f = 10 + 6. Let p = -18 - -42. Calculate the highest common factor of f and p.
8
Let t(q) = -6*q - 28. Let c be t(-10). Let b = -1 - -49. What is the greatest common factor of b and c?
16
Let k be ((-4)/(-10))/((-1)/5). Let g(l) = -2*l**3 - 1. Let y be g(k). Let w be 19/3 + 10/y. What is the greatest common factor of 63 and w?
7
Let f(r) = -r**3 + 5*r**2 + 15*r - 4. Let o be f(6). Let j = 213 - 88. What is the greatest common factor of j and o?
25
Let k = 492 - 338. Let o be 4/(1*-2) - -24. Calculate the greatest common divisor of k and o.
22
Let a(m) = m**2 + 8*m**2 - 6 - m**3 - m**2 + 2*m. Let u be a(4). Calculate the greatest common factor of u and 6.
6
Let o(f) be the third derivative of f**6/5 + f**5/60 - f**3/6 + f**2. Let k be o(1). Calculate the highest common divisor of k and 6.
6
Suppose 4*m - 144 = -2*p, 5*m + 2*p + 0*p = 180. What is the greatest common divisor of 54 and m?
18
Suppose -2*o - 26 = -0*b - 5*b, -5*o - 2*b - 36 = 0. Let z be 50/8 - 6/o. Let a(f) = 13*f + 2. Let q be a(2). Calculate the greatest common factor of z and q.
7
Suppose 0 = 2*x - 3*x + 5*p + 480, -4*p + 1440 = 3*x. Suppose b + x = 5*b. Calculate the highest common divisor of 15 and b.
15
Suppose 5*x + 85 + 20 = 0. Let m(a) = -a**3 + 2*a**2 - 4. Let z be m(3). Let v = z - x. Calculate the greatest common factor of 88 and v.
8
Let m be 29 - -2*(3 + 36/(-8)). Calculate the greatest common divisor of 234 and m.
26
Let u(v) = -v**2 + 3. Let m be u(3). Let h = m - -10. Let o = 19 + -3. What is the highest common factor of o and h?
4
Let w = 2 - -33. Suppose 5*b + w = n, 3*n = -0*n - b + 25. Suppose 18 = i - n. What is the highest common factor of 4 and i?
4
Let l = -22 + 32. Suppose -4*q + 96 = -4*i, -2*q - 4*i + 39 - 3 = 0. Let d = 32 - q. What is the highest common factor of l and d?
10
Let w = -7 + 10. What is the greatest common divisor of w and 12?
3
Let w(z) = z**3 + 4*z**2 + 3. Let p be w(-3). Let s be (-3)/(-12) - (-621)/p. Calculate the greatest common factor of s and 13.
13
Let r = -9 - -11. Suppose r*o = 3*c + 298 - 75, -4*c = 4*o - 396. What is the greatest common divisor of 13 and o?
13
Let a(i) = 4*i**2 - 6*i + 2. Let b(t) = -2*t - 8. Let c be b(-6). Let k be a(c). What is the greatest common factor of k and 21?
21
Let i(g) = g**2 - 10*g - 9. Let k be i(9). Let b = 30 + k. What is the greatest common divisor of 3 and b?
3
Let g = 17 - 12. Let m be (12 - 2) + g/(-5). What is the highest common divisor of 9 and m?
9
Suppose 84 = v + 29. Suppose 4*a - 2*a = 10. Let o be a*22/15*3. Calculate the greatest common factor of v and o.
11
Let q be 3/(0 + 1) + 7. Calculate the highest common divisor of 10 and q.
10
Let d = 21 + 13. Let k be (-6)/3*(-18)/4. Suppose 2*z + 2*z = 3*u - 43, -u + 4*z + k = 0. What is the highest common divisor of u and d?
17
Let n(w) be the second derivative of -7/2*w**2 + w - 1/3*w**3 + 0. Let u be n(-6). Calculate the highest common divisor of u and 35.
5
Let n be 206 + (-5 + 1)/2. Let w = n - 78. Calculate the greatest common factor of 14 and w.
14
Suppose -5*g + 2*k - 4*k = -65, -4*g + k + 65 = 0. What is the greatest common factor of g and 15?
15
Suppose 4*k = 4*z + 8, -4*k - z = -0 - 18. Suppose -k*t - t = -40. What 